 = -p**3 + 6*p**2 + 3*p + 1. Let u be n(5). Let c = 57 - u. What is the tens digit of c?
1
Suppose -i = 3*o + i - 193, 3*i = 6. What is the tens digit of o?
6
Suppose -5*v = q + 535 - 1585, 0 = v - 2*q - 210. What is the tens digit of v?
1
Let x = -87 + 144. Suppose o = 4*o + x. Let n = -5 - o. What is the tens digit of n?
1
Let w(k) = k**2 - 3*k - 7. What is the units digit of w(-4)?
1
Let w be (-38)/4 - (-2)/4. Let y = -6 - w. Suppose -5*b + 3*z - 7*z = -40, y*b = 2*z + 2. What is the units digit of b?
4
Let h = 24 - 37. Let f = h - -23. What is the tens digit of f?
1
What is the units digit of -1 + 0 + 1870/22?
4
Let y(l) = -l**2 + 4*l + 4. Let a be y(4). Suppose 2*x = -g + 13, a*g + 0*x - 5*x = 0. Let z = 6 - g. What is the units digit of z?
1
Let r = -12 - -5. Let o = 10 + r. What is the units digit of o?
3
Let q(j) = -35*j**3 + 34*j**3 - 3*j**2 + 14*j**2 - 15 + 5*j. What is the tens digit of q(11)?
4
Let x(t) = t**2 - 5*t + 6. Let u be x(4). Suppose -u*j + 34 = -4. What is the units digit of j?
9
Suppose u - 2*u - 3*z = -5, -4*z + 20 = 3*u. What is the units digit of (21/(-14))/((-6)/u)?
2
Let l be 6/9 + 147/9. Let o = l - 12. What is the units digit of o?
5
Suppose -35 + 3 = -2*d. What is the tens digit of d?
1
Suppose 0 = -5*u + 2*u - 4*g + 56, 3*g = -5*u + 86. What is the units digit of u?
6
Suppose 10 = -5*c + 4*p, 4*c + 3*p = 7*p - 8. Let v = 0 - c. Suppose 1 = v*f - 5. What is the units digit of f?
3
Suppose -5*r + 2 = -4*r. Suppose 3*z + r*z - 155 = 0. What is the units digit of z?
1
Let y(w) be the third derivative of w**6/60 - w**5/60 - 2*w**2. Let d be y(1). What is the units digit of ((11 - -2) + d)/2?
7
Suppose 0 = 7*p - 3*p - 32. What is the units digit of p?
8
Let j be -1*(-2 + -2 + 2). What is the tens digit of j/5 + 715/25?
2
Let s(f) = -f**2 - 1. Let y(o) = -o. Let a(b) = 5*b**2 - 5*b + 8. Let j(d) = -a(d) + y(d). Let k(l) = j(l) - 6*s(l). What is the units digit of k(-6)?
0
Suppose 3*d - 3*l = 66, -22 + 96 = 3*d + l. Suppose -g + d = g. What is the tens digit of g?
1
Let w(h) = h**3 + 6*h**2 - h - 5. Let r be w(-5). Suppose j + 10 = r. What is the units digit of j?
5
Let r = 0 + 3. Let d be 4/6 - (-56)/6. Let y = d - r. What is the units digit of y?
7
Suppose 3*t - 4*j - 67 = 20, 5*j = -5*t + 145. What is the tens digit of t?
2
Suppose 31 = 5*k - 14. What is the units digit of k?
9
Let x be 9 - 2/(-6)*-3. Suppose -x = -a + 1. What is the units digit of a?
9
Let j = 330 - 227. What is the units digit of j?
3
Let t = -1 - -5. What is the units digit of 16 + (-2 + 3 - t)?
3
Suppose 7*c - 3*c = 580. What is the hundreds digit of c?
1
Let t be 1/(2*(-1)/(-4)). Let z be (3 + 2 - 1)/t. Let x = -1 + z. What is the units digit of x?
1
Let j(a) = a**3 + 4*a**2 - 5*a - 6. Let y be j(-4). Let m be (-4)/(y/(-4) + 3). What is the units digit of m/(-12)*6/(-4)?
1
Let w = 55 + -20. What is the tens digit of w?
3
Let x be 9/6*(-532)/(-3). What is the units digit of (-12)/(-54) - x/(-18)?
5
Suppose -2*l - 2*l - 4 = 0, 5*b - 2*l = 17. Let y(j) = 4*j**3 + 5 - 2*j + 5*j**2 - 6 + 5 - b*j**3. What is the units digit of y(-5)?
4
Suppose 3*k = -0*k - 198. Let n be k*((-3)/(-2) - 2). Suppose -3*r + v + 2*v = -n, -v - 55 = -5*r. What is the tens digit of r?
1
Let p = 10 - 10. Let m be (18 - p)/3 - 0. Let b = m + -4. What is the units digit of b?
2
What is the units digit of 2 - (-1 + -32) - 0?
5
Suppose -3*a = w + 6 + 10, -4*a - 17 = -3*w. What is the units digit of (8 + w)*(-2)/(-7)?
2
Suppose -3*p - 5*m + 3*m + 52 = 0, 5*p - 2*m = 92. What is the units digit of p?
8
Let h(k) be the third derivative of k**5/12 + k**4/8 - k**3/6 + 3*k**2. Let q be h(2). Let s = -13 + q. What is the units digit of s?
2
Let q(y) = -y**2 + 10*y - 5. What is the units digit of q(4)?
9
Suppose 3*z = 21*z - 1494. What is the tens digit of z?
8
Let g = 153 - 59. What is the units digit of g?
4
Let u(d) = d**2 + 6*d + 3. Let w be u(-6). Let j(c) = -c - w*c + 3*c + 1. What is the units digit of j(-6)?
7
Suppose -m = 2*k + 2, m + k = 5*k - 2. Let q(n) = -6*n**3 - n**2 - n + 2. Let a be q(m). Suppose j - a = -3*j. What is the units digit of j?
2
Let x(y) = -y**2 + 8*y + 1. Let d be x(7). Let s(i) = i. Let v be s(5). What is the units digit of d/v + (-10)/(-25)?
2
Let g(q) = q + 1. Let l be g(5). Let a = l - 5. What is the units digit of 11 + a + (-1 - 2)?
9
Let j = 120 - 84. What is the tens digit of j?
3
Let j(v) = -v**3 - 5*v**2 - 2*v + 4. Let u be j(-4). Let s(b) = 4*b - 4*b - 3 - b. What is the units digit of s(u)?
1
Let y = 39 - 26. Let p = y + -10. Suppose 10 = p*q - 14. What is the units digit of q?
8
Suppose 2*r - h = 22, -2*r + 22 = h + 4*h. Let d = -5 + r. What is the units digit of d?
6
Let d(j) = -5*j**2 - 1. Let b be d(1). What is the tens digit of (88/(-12))/(4/b)?
1
Let i(q) be the second derivative of 7*q**6/720 - q**5/40 - q**4/12 + 3*q. Let x(w) be the third derivative of i(w). What is the units digit of x(2)?
1
Suppose 4*v = 4*y + 81 + 175, 2*y = 3*v - 194. What is the units digit of v?
6
Let v(k) = 27*k + 8. What is the hundreds digit of v(7)?
1
Suppose 0 = 2*a - a. Let x be 4/(-14) + 27/21. Let f = a + x. What is the units digit of f?
1
Suppose 3*k - 2*a = 18, 2*a + 12 - 30 = -3*k. Suppose -s + 2 = 2*f, -2*f - 2*s = -k*f + 20. Suppose -f*n = n - 8. What is the units digit of n?
2
Let o be -1 + 2 + -31 + 0. Let y = -19 - o. What is the tens digit of y?
1
Suppose -5*c + 91 = 3*v, 2*v + 0*c = -4*c + 60. What is the units digit of v?
2
Let m(z) = z**3 - 8*z**2 + 2*z. Let f be m(8). Suppose -u = -2*x - f, -3*x - 55 = -4*u - 16. What is the units digit of u?
6
Suppose -8 = -5*k - o + 8, -4 = -4*k - 3*o. Suppose 3*m - m = 4*t + 28, -t - 5*m = -k. What is the units digit of (t/9)/(2/(-24))?
8
Let r(t) be the third derivative of -t**4/24 + 13*t**3/6 - t**2. Let p be r(10). What is the units digit of (-2 - p/(-3))/(-1)?
1
Suppose 3*i + 8 = -o, -o + 4*i - 2 = -1. Let g be (3/(-2))/(o/(-10)). Let n(s) = -3*s - 3. What is the units digit of n(g)?
6
Let r = 48 - 28. Let f = r + -12. What is the units digit of f?
8
Suppose 5*t - t + 24 = 0. Let i(b) = -b**3 - 6*b**2 - b - 5. Let w be i(t). Let u = w + 2. What is the units digit of u?
3
Let h be -2*(-1)/((-6)/27). Suppose -y = -3*y + 38. Let v = h + y. What is the units digit of v?
0
Let n = 12 + 119. What is the tens digit of n?
3
Suppose x - 135 = -3*c, -2*c = x - 3*x + 278. What is the units digit of x?
8
Let k(f) = -21*f - 12. Let l(p) = -5*p - 3. Let d(i) = -2*k(i) + 9*l(i). What is the units digit of d(-6)?
5
Suppose -2*y - 18 = q, -q - 4*y + 4 = -3*q. Let r(c) = 25*c**2 - c + 1. Let k be r(1). Let d = k + q. What is the tens digit of d?
1
What is the units digit of (-4)/(-3) + 1506/18?
5
Let i(j) = 0*j**2 - 5*j + j**2 + 0 + 0. What is the units digit of i(6)?
6
Suppose -56 = 3*b - 194. Let z be 5 + (-3 - 1) + 3. Suppose -z*x + 2*q + 61 = -3*q, -2*q - b = -4*x. What is the units digit of x?
9
Suppose -3*h - u + 2*u = -44, -5*h + 73 = -2*u. What is the units digit of h?
5
Let i(z) = -z + 5. Let y(o) = -5*o**2 + 6*o**2 - 3*o + 3*o. Let m be y(0). What is the units digit of i(m)?
5
Let d(r) = -r**2 + 5*r - 2. Let y be d(3). Let j(u) = 3 + 2 + y + u. What is the units digit of j(-8)?
1
Let p = 57 + -27. What is the tens digit of p?
3
Suppose -4*v + 67 = f, 4*f + 1 = 4*v - 91. What is the units digit of v?
8
Suppose 18*i - 14*i - 72 = 0. What is the tens digit of i?
1
Let l = -124 + 188. What is the units digit of l?
4
Let r = 13 + 7. What is the units digit of r?
0
Let i(z) = z**2 + 1. Let l(w) = -2*w + 1. Let y be l(1). What is the units digit of i(y)?
2
Suppose 0*g = -5*g + 25. Suppose 2*u - u - g = 0. Let a(l) = l**2 - 2*l - 2. What is the tens digit of a(u)?
1
Let a(j) = j**3 + j**2 + 5. Let y be a(0). Suppose -2*g = -y*g + 78. What is the units digit of g?
6
Let m = -8 - -15. Let i(f) = 0*f + 1 + f**2 - 4*f - 2*f. What is the units digit of i(m)?
8
Suppose 1 = -v + 2*k, v + 5*k = 10 - 4. Let w be (v + 0)/((-6)/42). Let r = w + 14. What is the units digit of r?
7
Suppose -2*d - 60 = -3*t, -6*d + 2*d = t - 20. Suppose x = u + t, 0 = x + 2*u - 0 - 5. What is the units digit of x?
5
Let c = 10 - 5. Let w(r) = r**3 - 3*r**2 - r + 3. Let g be w(3). Let h = g + c. What is the units digit of h?
5
Let d(i) = -i**2 -